is the units digit of 4495?
5
What is the hundreds digit of 4574?
5
What is the thousands digit of 1103?
1
What is the units digit of 17928?
8
What is the thousands digit of 4127?
4
What is the hundreds digit of 860?
8
What is the ten thousands digit of 156528?
5
What is the units digit of 40774?
4
What is the tens digit of 90067?
6
What is the hundreds digit of 1995?
9
What is the hundreds digit of 538?
5
What is the hundreds digit of 1055?
0
What is the units digit of 21602?
2
What is the tens digit of 1720?
2
What is the tens digit of 45044?
4
What is the hundreds digit of 844?
8
What is the hundreds digit of 1262?
2
What is the thousands digit of 1001?
1
What is the units digit of 10066?
6
What is the hundreds digit of 11255?
2
What is the hundreds digit of 17260?
2
What is the ten thousands digit of 52357?
5
What is the hundreds digit of 53908?
9
What is the units digit of 52772?
2
What is the ten thousands digit of 28447?
2
What is the hundreds digit of 3839?
8
What is the hundreds digit of 535?
5
What is the units digit of 2372?
2
What is the ten thousands digit of 76521?
7
What is the thousands digit of 6283?
6
What is the units digit of 1030?
0
What is the hundreds digit of 615?
6
What is the thousands digit of 2917?
2
What is the units digit of 4074?
4
What is the hundreds digit of 37871?
8
What is the hundreds digit of 647?
6
What is the hundreds digit of 13321?
3
What is the hundred thousands digit of 169197?
1
What is the tens digit of 24144?
4
What is the units digit of 348?
8
What is the units digit of 48450?
0
What is the hundreds digit of 20131?
1
What is the thousands digit of 4283?
4
What is the thousands digit of 1972?
1
What is the tens digit of 42981?
8
What is the units digit of 3821?
1
What is the tens digit of 16157?
5
What is the thousands digit of 1241?
1
What is the units digit of 2216?
6
What is the hundreds digit of 2505?
5
What is the hundreds digit of 16855?
8
What is the units digit of 33780?
0
What is the thousands digit of 2296?
2
What is the units digit of 154713?
3
What is the units digit of 245?
5
What is the tens digit of 2886?
8
What is the hundreds digit of 1336?
3
What is the thousands digit of 1030?
1
What is the units digit of 629?
9
What is the thousands digit of 2681?
2
What is the tens digit of 410?
1
What is the units digit of 2706?
6
What is the hundreds digit of 18863?
8
What is the units digit of 2131?
1
What is the tens digit of 13679?
7
What is the hundreds digit of 605?
6
What is the thousands digit of 1370?
1
What is the tens digit of 1565?
6
What is the thousands digit of 4326?
4
What is the tens digit of 337?
3
What is the tens digit of 36970?
7
What is the thousands digit of 7813?
7
What is the thousands digit of 3382?
3
What is the ten thousands digit of 21656?
2
What is the units digit of 929?
9
What is the units digit of 772?
2
What is the units digit of 4153?
3
What is the tens digit of 583?
8
What is the tens digit of 5235?
3
What is the hundreds digit of 655?
6
What is the thousands digit of 3089?
3
What is the thousands digit of 12391?
2
What is the hundreds digit of 3567?
5
What is the ten thousands digit of 14886?
1
What is the thousands digit of 1410?
1
What is the hundreds digit of 1423?
4
What is the hundreds digit of 821?
8
What is the thousands digit of 3928?
3
What is the units digit of 17305?
5
What is the tens digit of 4177?
7
What is the units digit of 1099?
9
What is the thousands digit of 67557?
7
What is the hundreds digit of 31745?
7
What is the tens digit of 1783?
8
What is the tens digit of 260?
6
What is the tens digit of 6877?
7
What is the units digit of 478?
8
What is the tens digit of 6862?
6
What is the tens digit of 3946?
4
What is the tens digit of 232?
3
What is the tens digit of 8229?
2
What is the hundreds digit of 1375?
3
What is the units digit of 41672?
2
What is the hundreds digit of 8043?
0
What is the thousands digit of 6656?
6
What is the thousands digit of 3572?
3
What is the ten thousands digit of 38149?
3
What is the tens digit of 38577?
7
What is the thousands digit of 25790?
5
What is the units digit of 28536?
6
What is the tens digit of 810?
1
What is the thousands digit of 32723?
2
What is the hundreds digit of 1681?
6
What is the units digit of 1370?
0
What is the thousands digit of 23492?
3
What is the tens digit of 1384?
8
What is the units digit of 122?
2
What is the hundreds digit of 350?
3
What is the units digit of 20?
0
What is the tens digit of 804?
0
What is the tens digit of 1928?
2
What is the thousands digit of 4924?
4
What is the units digit of 7700?
0
What is the units digit of 8887?
7
What is the units digit of 3361?
1
What is the units digit of 1492?
2
What is the tens digit of 463?
6
What is the ten thousands digit of 21165?
2
What is the units digit of 369?
9
What is the hundreds digit of 38486?
4
What is the thousands digit of 4149?
4
What is the tens digit of 1311?
1
What is the hundreds digit of 1608?
6
What is the units digit of 623?
3
What is the thousands digit of 13528?
3
What is the units digit of 2540?
0
What is the ten thousands digit of 12136?
1
What is the ten thousands digit of 29783?
2
What is the units digit of 160383?
3
What is the units digit of 42338?
8
What is the ten thousands digit of 22371?
2
What is the thousands digit of 3044?
3
What is the hundreds digit of 1124?
1
What is the units digit of 8632?
2
What is the hundreds digit of 27209?
2
What is the tens digit of 963?
6
What is the units digit of 643?
3
What is the units digit of 1785?
5
What is the ten thousands digit of 14161?
1
What is the units digit of 1330?
0
What is the tens digit of 1153?
5
What is the ten thousands digit of 88690?
8
What is the hundreds digit of 80856?
8
What is the hundreds digit of 780?
7
What is the thousands digit of 5738?
5
What is the hundreds digit of 9536?
5
What is the ten thousands digit of 15699?
1
What is the thousands digit of 1529?
1
What is the thousands digit of 2063?
2
What is the hundreds digit of 1397?
3
What is the ten thousands digit of 25289?
2
What is the ten thousands digit of 15301?
1
What is the units digit of 1070?
0
What is the units digit of 371?
1
What is the hundreds digit of 79261?
2
What is the tens digit of 445?
4
What is the hundreds digit of 412?
4
What is the units digit of 12191?
1
What is the hundreds digit of 2031?
0
What is the hundreds digit of 4494?
4
What is the ten thousands digit of 52194?
5
What is the thousands digit of 4915?
4
What is the hundreds digit of 78314?
3
What is the thousands digit of 2433?
2
What is the hundreds digit of 4365?
3
What is the thousands digit of 24292?
4
What is the units digit of 781?
1
What is the units digit of 56366?
6
What is the hundreds digit of 100312?
3
What is the tens digit of 43131?
3
What is the units digit of 125?
5
What is the ten thousands digit of 74077?
7
What is the thousands digit of 30653?
0
What is the hundreds digit of 1628?
6
What is the thousands digit of 49603?
9
What is the tens digit of 11900?
0
What is the tens digit of 1140?
4
What is the units digit of 851?
1
What is the units digit of 9503?
3
What is the tens digit of 1386?
8
What is the hundreds digit of 63698?
6
What is the hundreds digit of 1524?
5
What is the units digit of 69951?
1
What is the thousands digit of 1104?
1
What is the hundreds digit of 954?
9
What is the thousands digit of 5106?
5
What is the hundreds digit of 14505?
5
What is the thousands digit of 1502?
1
What is the units digit of 195102?
2
What is the tens digit of 15285?
8
What is the ten thousands digit of 88685?
8
What is the tens digit of 2306?
0
What is the ten thousands digit of 73205?
7
What is the units digit of 1852?
2
What is the units digit of 723?
3
What is the tens digit of 4091?
9
What is the units digit of 431?
1
What is the units digit of 1554?
4
What is the hundreds digit of 3148?
1
What is the thousands digit of 1529?
1
What is the hundreds digit of 366?
3
What is the units digit of 1067?
7
What is the thousands digit of 3955?
3
What is the ten thousands digit of 91157?
9
What is the hundreds digit of 3280?
2
What is the thousands digit of 45952?
5
What is the tens digit of 404?
0
What is the ten thousands digit of 36858?
3
What is the hundreds digit of 11311?
3
What is